{"id":3995,"date":"2017-10-29T17:02:09","date_gmt":"2017-10-29T16:02:09","guid":{"rendered":"https:\/\/linares.salesianos.edu\/centrojuvenil\/?page_id=3995"},"modified":"2022-10-13T21:03:07","modified_gmt":"2022-10-13T19:03:07","slug":"escuela-de-animadores","status":"publish","type":"page","link":"https:\/\/linares.salesianos.edu\/centrojuvenil\/escuela-de-animadores\/","title":{"rendered":"Escuela de animadores"},"content":{"rendered":"<div id=\"fb-root\"><\/div>\n<p>[et_pb_section fb_built=\u00bb1&#8243; fullwidth=\u00bbon\u00bb _builder_version=\u00bb4.16&#8243; global_colors_info=\u00bb{}\u00bb][et_pb_fullwidth_header title=\u00bbEscuela de animadores\u00bb title_font_color=\u00bb#ffffff\u00bb module_class=\u00bbpagina-imagen-cabecera\u00bb _builder_version=\u00bb4.18.0&#8243; title_text_color=\u00bb#ffffff\u00bb title_font_size=\u00bb40px\u00bb background_color=\u00bbrgba(255, 255, 255, 0)\u00bb background_image=\u00bbhttps:\/\/linares.salesianos.edu\/centrojuvenil\/wp-content\/uploads\/sites\/17\/2021\/02\/encabezado_noticias_casa-min-1.png\u00bb background_layout=\u00bblight\u00bb max_width_tablet=\u00bb50px\u00bb hover_enabled=\u00bb0&#8243; background_url=\u00bbhttp:\/\/malaga.salesianos.edu\/wp-content\/uploads\/2017\/02\/Foto-de-portad_sin_letras.png\u00bb global_colors_info=\u00bb{}\u00bb button_one_text_size__hover_enabled=\u00bboff\u00bb button_two_text_size__hover_enabled=\u00bboff\u00bb button_one_text_color__hover_enabled=\u00bboff\u00bb button_two_text_color__hover_enabled=\u00bboff\u00bb button_one_border_width__hover_enabled=\u00bboff\u00bb button_two_border_width__hover_enabled=\u00bboff\u00bb button_one_border_color__hover_enabled=\u00bboff\u00bb button_two_border_color__hover_enabled=\u00bboff\u00bb button_one_border_radius__hover_enabled=\u00bboff\u00bb button_two_border_radius__hover_enabled=\u00bboff\u00bb button_one_letter_spacing__hover_enabled=\u00bboff\u00bb button_two_letter_spacing__hover_enabled=\u00bboff\u00bb button_one_bg_color__hover_enabled=\u00bboff\u00bb button_two_bg_color__hover_enabled=\u00bboff\u00bb title_text=\u00bbencabezado_noticias_casa-min-1&#8243; sticky_enabled=\u00bb0&#8243;][\/et_pb_fullwidth_header][\/et_pb_section][et_pb_section fb_built=\u00bb1&#8243; _builder_version=\u00bb4.16&#8243; global_colors_info=\u00bb{}\u00bb][et_pb_row _builder_version=\u00bb4.16&#8243; background_size=\u00bbinitial\u00bb background_position=\u00bbtop_left\u00bb background_repeat=\u00bbrepeat\u00bb global_colors_info=\u00bb{}\u00bb][et_pb_column type=\u00bb4_4&#8243; _builder_version=\u00bb4.16&#8243; custom_padding=\u00bb|||\u00bb global_colors_info=\u00bb{}\u00bb custom_padding__hover=\u00bb|||\u00bb][et_pb_text _builder_version=\u00bb4.16&#8243; background_size=\u00bbinitial\u00bb background_position=\u00bbtop_left\u00bb background_repeat=\u00bbrepeat\u00bb global_colors_info=\u00bb{}\u00bb]Es una escuela que se presenta dentro del pluralismo de la sociedad como oferta concreta e formaci\u00f3n para monitores, animadores por y en el Tiempo Libre.<\/p>\n<p>Optan por la animaci\u00f3n como\u00a0<strong>MODO DE VIVIR<\/strong>, como\u00a0<strong>METODO\u00a0<\/strong>para actuar y como\u00a0<strong>PARTICIPACI\u00d3N CR\u00cdTICA y ACTIVA<\/strong>\u00a0de la sociedad. Pero siempre desde el\u00a0<strong>estilo de Don Bosco<\/strong>.<\/p>\n<p>A lo largo del a\u00f1o, en coordinaci\u00f3n con la Escuela Don Bosco de Tiempo Libre, se realizan distintos<strong>\u00a0m\u00f3dulos formativos y cursos monogr\u00e1ficos<\/strong>, con los cuales aprender\u00e1s a llevar a cabo mejor tu funci\u00f3n animadora y podr\u00e1s conseguir t\u00edtulos oficiales de Monitor de Tiempo Libre y realizar diferentes cursos con tem\u00e1tica diversa.<\/p>\n<p>Para m\u00e1s informaci\u00f3n:\u00a0<a href=\"https:\/\/escueladonbosco.wordpress.com\/\" target=\"_blank\" rel=\"noopener\">https:\/\/escueladonbosco.wordpress.com\/<\/a><br \/>\n[\/et_pb_text][\/et_pb_column][\/et_pb_row][\/et_pb_section]<\/p>\n","protected":false},"excerpt":{"rendered":"<p>Es una escuela que se presenta dentro del pluralismo de la sociedad como oferta concreta e formaci\u00f3n para monitores, animadores por y en el Tiempo Libre. Optan por la animaci\u00f3n como\u00a0MODO DE VIVIR, como\u00a0METODO\u00a0para actuar y como\u00a0PARTICIPACI\u00d3N CR\u00cdTICA y ACTIVA\u00a0de la sociedad. Pero siempre desde el\u00a0estilo de Don Bosco. A lo largo del a\u00f1o, en [&hellip;]<\/p>\n","protected":false},"author":3,"featured_media":0,"parent":0,"menu_order":4,"comment_status":"closed","ping_status":"closed","template":"","meta":{"_et_pb_use_builder":"on","_et_pb_old_content":"<p>Es una escuela que se presenta dentro del pluralismo de la sociedad como oferta concreta e formaci\u00f3n para monitores, animadores por y en el Tiempo Libre.<\/p><p>Optan por la animaci\u00f3n como\u00a0<strong>MODO DE VIVIR<\/strong>, como\u00a0<strong>METODO\u00a0<\/strong>para actuar y como\u00a0<strong>PARTICIPACI\u00d3N CR\u00cdTICA y ACTIVA<\/strong>\u00a0de la sociedad. Pero siempre desde el\u00a0<strong>estilo de Don Bosco<\/strong>.<\/p><p>A lo largo del a\u00f1o, en coordinaci\u00f3n con la Escuela Don Bosco de Tiempo Libre, se realizan distintos<strong>\u00a0m\u00f3dulos formativos y cursos monogr\u00e1ficos<\/strong>, con los cuales aprender\u00e1s a llevar a cabo mejor tu funci\u00f3n animadora y podr\u00e1s conseguir t\u00edtulos oficiales de Monitor de Tiempo Libre y realizar diferentes cursos con tem\u00e1tica diversa.<\/p><p>Para m\u00e1s informaci\u00f3n:\u00a0<a href=\"https:\/\/escueladonbosco.wordpress.com\/\" target=\"_blank\" rel=\"noopener\">https:\/\/escueladonbosco.wordpress.com\/<\/a><\/p>","_et_gb_content_width":"","footnotes":""},"class_list":["post-3995","page","type-page","status-publish","hentry"],"yoast_head":"<!-- This site is optimized with the Yoast SEO plugin v27.3 - https:\/\/yoast.com\/product\/yoast-seo-wordpress\/ -->\n<title>Escuela de animadores - Centro Juvenil<\/title>\n<meta name=\"robots\" content=\"index, follow, max-snippet:-1, max-image-preview:large, max-video-preview:-1\" \/>\n<link rel=\"canonical\" href=\"https:\/\/linares.salesianos.edu\/centrojuvenil\/escuela-de-animadores\/\" \/>\n<meta property=\"og:locale\" content=\"es_ES\" \/>\n<meta property=\"og:type\" content=\"article\" \/>\n<meta property=\"og:title\" content=\"Escuela de animadores - Centro Juvenil\" \/>\n<meta property=\"og:description\" content=\"Es una escuela que se presenta dentro del pluralismo de la sociedad como oferta concreta e formaci\u00f3n para monitores, animadores por y en el Tiempo Libre. Optan por la animaci\u00f3n como\u00a0MODO DE VIVIR, como\u00a0METODO\u00a0para actuar y como\u00a0PARTICIPACI\u00d3N CR\u00cdTICA y ACTIVA\u00a0de la sociedad. Pero siempre desde el\u00a0estilo de Don Bosco. A lo largo del a\u00f1o, en [&hellip;]\" \/>\n<meta property=\"og:url\" content=\"https:\/\/linares.salesianos.edu\/centrojuvenil\/escuela-de-animadores\/\" \/>\n<meta property=\"og:site_name\" content=\"Centro Juvenil\" \/>\n<meta property=\"article:modified_time\" content=\"2022-10-13T19:03:07+00:00\" \/>\n<meta name=\"twitter:card\" content=\"summary_large_image\" \/>\n<meta name=\"twitter:label1\" content=\"Tiempo de lectura\" \/>\n\t<meta name=\"twitter:data1\" content=\"2 minutos\" \/>\n<script type=\"application\/ld+json\" class=\"yoast-schema-graph\">{\"@context\":\"https:\\\/\\\/schema.org\",\"@graph\":[{\"@type\":\"WebPage\",\"@id\":\"https:\\\/\\\/linares.salesianos.edu\\\/centrojuvenil\\\/escuela-de-animadores\\\/\",\"url\":\"https:\\\/\\\/linares.salesianos.edu\\\/centrojuvenil\\\/escuela-de-animadores\\\/\",\"name\":\"Escuela de animadores - Centro Juvenil\",\"isPartOf\":{\"@id\":\"https:\\\/\\\/linares.salesianos.edu\\\/centrojuvenil\\\/#website\"},\"datePublished\":\"2017-10-29T16:02:09+00:00\",\"dateModified\":\"2022-10-13T19:03:07+00:00\",\"breadcrumb\":{\"@id\":\"https:\\\/\\\/linares.salesianos.edu\\\/centrojuvenil\\\/escuela-de-animadores\\\/#breadcrumb\"},\"inLanguage\":\"es\",\"potentialAction\":[{\"@type\":\"ReadAction\",\"target\":[\"https:\\\/\\\/linares.salesianos.edu\\\/centrojuvenil\\\/escuela-de-animadores\\\/\"]}]},{\"@type\":\"BreadcrumbList\",\"@id\":\"https:\\\/\\\/linares.salesianos.edu\\\/centrojuvenil\\\/escuela-de-animadores\\\/#breadcrumb\",\"itemListElement\":[{\"@type\":\"ListItem\",\"position\":1,\"name\":\"Portada\",\"item\":\"https:\\\/\\\/linares.salesianos.edu\\\/centrojuvenil\\\/\"},{\"@type\":\"ListItem\",\"position\":2,\"name\":\"Escuela de animadores\"}]},{\"@type\":\"WebSite\",\"@id\":\"https:\\\/\\\/linares.salesianos.edu\\\/centrojuvenil\\\/#website\",\"url\":\"https:\\\/\\\/linares.salesianos.edu\\\/centrojuvenil\\\/\",\"name\":\"Centro Juvenil\",\"description\":\"P\u00e1gina oficial Salesianos Linares\",\"potentialAction\":[{\"@type\":\"SearchAction\",\"target\":{\"@type\":\"EntryPoint\",\"urlTemplate\":\"https:\\\/\\\/linares.salesianos.edu\\\/centrojuvenil\\\/?s={search_term_string}\"},\"query-input\":{\"@type\":\"PropertyValueSpecification\",\"valueRequired\":true,\"valueName\":\"search_term_string\"}}],\"inLanguage\":\"es\"}]}<\/script>\n<!-- \/ Yoast SEO plugin. -->","yoast_head_json":{"title":"Escuela de animadores - Centro Juvenil","robots":{"index":"index","follow":"follow","max-snippet":"max-snippet:-1","max-image-preview":"max-image-preview:large","max-video-preview":"max-video-preview:-1"},"canonical":"https:\/\/linares.salesianos.edu\/centrojuvenil\/escuela-de-animadores\/","og_locale":"es_ES","og_type":"article","og_title":"Escuela de animadores - Centro Juvenil","og_description":"Es una escuela que se presenta dentro del pluralismo de la sociedad como oferta concreta e formaci\u00f3n para monitores, animadores por y en el Tiempo Libre. Optan por la animaci\u00f3n como\u00a0MODO DE VIVIR, como\u00a0METODO\u00a0para actuar y como\u00a0PARTICIPACI\u00d3N CR\u00cdTICA y ACTIVA\u00a0de la sociedad. Pero siempre desde el\u00a0estilo de Don Bosco. A lo largo del a\u00f1o, en [&hellip;]","og_url":"https:\/\/linares.salesianos.edu\/centrojuvenil\/escuela-de-animadores\/","og_site_name":"Centro Juvenil","article_modified_time":"2022-10-13T19:03:07+00:00","twitter_card":"summary_large_image","twitter_misc":{"Tiempo de lectura":"2 minutos"},"schema":{"@context":"https:\/\/schema.org","@graph":[{"@type":"WebPage","@id":"https:\/\/linares.salesianos.edu\/centrojuvenil\/escuela-de-animadores\/","url":"https:\/\/linares.salesianos.edu\/centrojuvenil\/escuela-de-animadores\/","name":"Escuela de animadores - Centro Juvenil","isPartOf":{"@id":"https:\/\/linares.salesianos.edu\/centrojuvenil\/#website"},"datePublished":"2017-10-29T16:02:09+00:00","dateModified":"2022-10-13T19:03:07+00:00","breadcrumb":{"@id":"https:\/\/linares.salesianos.edu\/centrojuvenil\/escuela-de-animadores\/#breadcrumb"},"inLanguage":"es","potentialAction":[{"@type":"ReadAction","target":["https:\/\/linares.salesianos.edu\/centrojuvenil\/escuela-de-animadores\/"]}]},{"@type":"BreadcrumbList","@id":"https:\/\/linares.salesianos.edu\/centrojuvenil\/escuela-de-animadores\/#breadcrumb","itemListElement":[{"@type":"ListItem","position":1,"name":"Portada","item":"https:\/\/linares.salesianos.edu\/centrojuvenil\/"},{"@type":"ListItem","position":2,"name":"Escuela de animadores"}]},{"@type":"WebSite","@id":"https:\/\/linares.salesianos.edu\/centrojuvenil\/#website","url":"https:\/\/linares.salesianos.edu\/centrojuvenil\/","name":"Centro Juvenil","description":"P\u00e1gina oficial Salesianos Linares","potentialAction":[{"@type":"SearchAction","target":{"@type":"EntryPoint","urlTemplate":"https:\/\/linares.salesianos.edu\/centrojuvenil\/?s={search_term_string}"},"query-input":{"@type":"PropertyValueSpecification","valueRequired":true,"valueName":"search_term_string"}}],"inLanguage":"es"}]}},"_links":{"self":[{"href":"https:\/\/linares.salesianos.edu\/centrojuvenil\/wp-json\/wp\/v2\/pages\/3995","targetHints":{"allow":["GET"]}}],"collection":[{"href":"https:\/\/linares.salesianos.edu\/centrojuvenil\/wp-json\/wp\/v2\/pages"}],"about":[{"href":"https:\/\/linares.salesianos.edu\/centrojuvenil\/wp-json\/wp\/v2\/types\/page"}],"author":[{"embeddable":true,"href":"https:\/\/linares.salesianos.edu\/centrojuvenil\/wp-json\/wp\/v2\/users\/3"}],"replies":[{"embeddable":true,"href":"https:\/\/linares.salesianos.edu\/centrojuvenil\/wp-json\/wp\/v2\/comments?post=3995"}],"version-history":[{"count":3,"href":"https:\/\/linares.salesianos.edu\/centrojuvenil\/wp-json\/wp\/v2\/pages\/3995\/revisions"}],"predecessor-version":[{"id":4262,"href":"https:\/\/linares.salesianos.edu\/centrojuvenil\/wp-json\/wp\/v2\/pages\/3995\/revisions\/4262"}],"wp:attachment":[{"href":"https:\/\/linares.salesianos.edu\/centrojuvenil\/wp-json\/wp\/v2\/media?parent=3995"}],"curies":[{"name":"wp","href":"https:\/\/api.w.org\/{rel}","templated":true}]}}