{"id":3831,"date":"2017-10-27T15:52:44","date_gmt":"2017-10-27T13:52:44","guid":{"rendered":"https:\/\/linares.salesianos.edu\/colegio\/?page_id=3831"},"modified":"2017-11-14T23:20:16","modified_gmt":"2017-11-14T22:20:16","slug":"servicios-complementarios","status":"publish","type":"page","link":"https:\/\/linares.salesianos.edu\/colegio\/servicios-complementarios\/","title":{"rendered":"Servicios"},"content":{"rendered":"<div id=\"fb-root\"><\/div>\n<p>Con este servicio se ampl\u00eda el horario de apertura del centro durante todos los d\u00edas lectivos, conciliando la vida familiar y escolar.<br \/>\nEst\u00e1 gestionado por el propio centro, que contrata personal especializado.<\/p>\n<p><b><strong>HORARIO<\/strong><\/b><br \/>\nLunes a Viernes:<\/p>\n<p>&#8211; De 7:45 a 9:15 horas.<br \/>\n&#8211; De 8:30 a 9:15 horas en horario reducido<\/p>\n<p>En el caso de educaci\u00f3n infantil, la monitora acompa\u00f1a a los peque\u00f1os de la etapa a sus respectivas aulas al inicio de las clases, garantizando as\u00ed la seguridad en el centro.<\/p>\n<p><b><strong>CONTRATACI\u00d3N<\/strong><\/b><br \/>\nContrataci\u00f3n Mensual o Diaria (sin necesidad de previo aviso)<\/p>\n<p><b><strong>PRECIO<\/strong><\/b><br \/>\nConsulte precio seg\u00fan necesidad horaria elegida<\/p>\n","protected":false},"excerpt":{"rendered":"<p>Con este servicio se ampl\u00eda el horario de apertura del centro durante todos los d\u00edas lectivos, conciliando la vida familiar y escolar. Est\u00e1 gestionado por el propio centro, que contrata personal especializado. HORARIO Lunes a Viernes: &#8211; De 7:45 a 9:15 horas. &#8211; De 8:30 a 9:15 horas en horario reducido En el caso de [&hellip;]<\/p>\n","protected":false},"author":3,"featured_media":0,"parent":0,"menu_order":2,"comment_status":"closed","ping_status":"closed","template":"","meta":{"_et_pb_use_builder":"","_et_pb_old_content":"","_et_gb_content_width":"","footnotes":""},"class_list":["post-3831","page","type-page","status-publish","hentry"],"yoast_head":"<!-- This site is optimized with the Yoast SEO plugin v27.4 - https:\/\/yoast.com\/product\/yoast-seo-wordpress\/ -->\n<title>Servicios - Colegio<\/title>\n<meta name=\"robots\" content=\"index, follow, max-snippet:-1, max-image-preview:large, max-video-preview:-1\" \/>\n<link rel=\"canonical\" href=\"https:\/\/linares.salesianos.edu\/colegio\/servicios-complementarios\/\" \/>\n<meta property=\"og:locale\" content=\"es_ES\" \/>\n<meta property=\"og:type\" content=\"article\" \/>\n<meta property=\"og:title\" content=\"Servicios - Colegio\" \/>\n<meta property=\"og:description\" content=\"Con este servicio se ampl\u00eda el horario de apertura del centro durante todos los d\u00edas lectivos, conciliando la vida familiar y escolar. Est\u00e1 gestionado por el propio centro, que contrata personal especializado. HORARIO Lunes a Viernes: &#8211; De 7:45 a 9:15 horas. &#8211; De 8:30 a 9:15 horas en horario reducido En el caso de [&hellip;]\" \/>\n<meta property=\"og:url\" content=\"https:\/\/linares.salesianos.edu\/colegio\/servicios-complementarios\/\" \/>\n<meta property=\"og:site_name\" content=\"Colegio\" \/>\n<meta property=\"article:modified_time\" content=\"2017-11-14T22:20:16+00:00\" \/>\n<meta name=\"twitter:card\" content=\"summary_large_image\" \/>\n<meta name=\"twitter:label1\" content=\"Tiempo de lectura\" \/>\n\t<meta name=\"twitter:data1\" content=\"1 minuto\" \/>\n<script type=\"application\/ld+json\" class=\"yoast-schema-graph\">{\"@context\":\"https:\\\/\\\/schema.org\",\"@graph\":[{\"@type\":\"WebPage\",\"@id\":\"https:\\\/\\\/linares.salesianos.edu\\\/colegio\\\/servicios-complementarios\\\/\",\"url\":\"https:\\\/\\\/linares.salesianos.edu\\\/colegio\\\/servicios-complementarios\\\/\",\"name\":\"Servicios - Colegio\",\"isPartOf\":{\"@id\":\"https:\\\/\\\/linares.salesianos.edu\\\/colegio\\\/#website\"},\"datePublished\":\"2017-10-27T13:52:44+00:00\",\"dateModified\":\"2017-11-14T22:20:16+00:00\",\"breadcrumb\":{\"@id\":\"https:\\\/\\\/linares.salesianos.edu\\\/colegio\\\/servicios-complementarios\\\/#breadcrumb\"},\"inLanguage\":\"es\",\"potentialAction\":[{\"@type\":\"ReadAction\",\"target\":[\"https:\\\/\\\/linares.salesianos.edu\\\/colegio\\\/servicios-complementarios\\\/\"]}]},{\"@type\":\"BreadcrumbList\",\"@id\":\"https:\\\/\\\/linares.salesianos.edu\\\/colegio\\\/servicios-complementarios\\\/#breadcrumb\",\"itemListElement\":[{\"@type\":\"ListItem\",\"position\":1,\"name\":\"Portada\",\"item\":\"https:\\\/\\\/linares.salesianos.edu\\\/colegio\\\/\"},{\"@type\":\"ListItem\",\"position\":2,\"name\":\"Servicios\"}]},{\"@type\":\"WebSite\",\"@id\":\"https:\\\/\\\/linares.salesianos.edu\\\/colegio\\\/#website\",\"url\":\"https:\\\/\\\/linares.salesianos.edu\\\/colegio\\\/\",\"name\":\"Colegio\",\"description\":\"P\u00e1gina oficial Salesianos Linares\",\"potentialAction\":[{\"@type\":\"SearchAction\",\"target\":{\"@type\":\"EntryPoint\",\"urlTemplate\":\"https:\\\/\\\/linares.salesianos.edu\\\/colegio\\\/?s={search_term_string}\"},\"query-input\":{\"@type\":\"PropertyValueSpecification\",\"valueRequired\":true,\"valueName\":\"search_term_string\"}}],\"inLanguage\":\"es\"}]}<\/script>\n<!-- \/ Yoast SEO plugin. -->","yoast_head_json":{"title":"Servicios - Colegio","robots":{"index":"index","follow":"follow","max-snippet":"max-snippet:-1","max-image-preview":"max-image-preview:large","max-video-preview":"max-video-preview:-1"},"canonical":"https:\/\/linares.salesianos.edu\/colegio\/servicios-complementarios\/","og_locale":"es_ES","og_type":"article","og_title":"Servicios - Colegio","og_description":"Con este servicio se ampl\u00eda el horario de apertura del centro durante todos los d\u00edas lectivos, conciliando la vida familiar y escolar. Est\u00e1 gestionado por el propio centro, que contrata personal especializado. HORARIO Lunes a Viernes: &#8211; De 7:45 a 9:15 horas. &#8211; De 8:30 a 9:15 horas en horario reducido En el caso de [&hellip;]","og_url":"https:\/\/linares.salesianos.edu\/colegio\/servicios-complementarios\/","og_site_name":"Colegio","article_modified_time":"2017-11-14T22:20:16+00:00","twitter_card":"summary_large_image","twitter_misc":{"Tiempo de lectura":"1 minuto"},"schema":{"@context":"https:\/\/schema.org","@graph":[{"@type":"WebPage","@id":"https:\/\/linares.salesianos.edu\/colegio\/servicios-complementarios\/","url":"https:\/\/linares.salesianos.edu\/colegio\/servicios-complementarios\/","name":"Servicios - Colegio","isPartOf":{"@id":"https:\/\/linares.salesianos.edu\/colegio\/#website"},"datePublished":"2017-10-27T13:52:44+00:00","dateModified":"2017-11-14T22:20:16+00:00","breadcrumb":{"@id":"https:\/\/linares.salesianos.edu\/colegio\/servicios-complementarios\/#breadcrumb"},"inLanguage":"es","potentialAction":[{"@type":"ReadAction","target":["https:\/\/linares.salesianos.edu\/colegio\/servicios-complementarios\/"]}]},{"@type":"BreadcrumbList","@id":"https:\/\/linares.salesianos.edu\/colegio\/servicios-complementarios\/#breadcrumb","itemListElement":[{"@type":"ListItem","position":1,"name":"Portada","item":"https:\/\/linares.salesianos.edu\/colegio\/"},{"@type":"ListItem","position":2,"name":"Servicios"}]},{"@type":"WebSite","@id":"https:\/\/linares.salesianos.edu\/colegio\/#website","url":"https:\/\/linares.salesianos.edu\/colegio\/","name":"Colegio","description":"P\u00e1gina oficial Salesianos Linares","potentialAction":[{"@type":"SearchAction","target":{"@type":"EntryPoint","urlTemplate":"https:\/\/linares.salesianos.edu\/colegio\/?s={search_term_string}"},"query-input":{"@type":"PropertyValueSpecification","valueRequired":true,"valueName":"search_term_string"}}],"inLanguage":"es"}]}},"_links":{"self":[{"href":"https:\/\/linares.salesianos.edu\/colegio\/wp-json\/wp\/v2\/pages\/3831","targetHints":{"allow":["GET"]}}],"collection":[{"href":"https:\/\/linares.salesianos.edu\/colegio\/wp-json\/wp\/v2\/pages"}],"about":[{"href":"https:\/\/linares.salesianos.edu\/colegio\/wp-json\/wp\/v2\/types\/page"}],"author":[{"embeddable":true,"href":"https:\/\/linares.salesianos.edu\/colegio\/wp-json\/wp\/v2\/users\/3"}],"replies":[{"embeddable":true,"href":"https:\/\/linares.salesianos.edu\/colegio\/wp-json\/wp\/v2\/comments?post=3831"}],"version-history":[{"count":4,"href":"https:\/\/linares.salesianos.edu\/colegio\/wp-json\/wp\/v2\/pages\/3831\/revisions"}],"predecessor-version":[{"id":4759,"href":"https:\/\/linares.salesianos.edu\/colegio\/wp-json\/wp\/v2\/pages\/3831\/revisions\/4759"}],"wp:attachment":[{"href":"https:\/\/linares.salesianos.edu\/colegio\/wp-json\/wp\/v2\/media?parent=3831"}],"curies":[{"name":"wp","href":"https:\/\/api.w.org\/{rel}","templated":true}]}}