{"id":3934,"date":"2017-10-29T10:02:30","date_gmt":"2017-10-29T09:02:30","guid":{"rendered":"https:\/\/linares.salesianos.edu\/colegio\/?page_id=3934"},"modified":"2025-01-28T23:47:33","modified_gmt":"2025-01-28T22:47:33","slug":"infantil","status":"publish","type":"page","link":"https:\/\/linares.salesianos.edu\/colegio\/oferta-educativa\/infantil\/","title":{"rendered":"Infantil"},"content":{"rendered":"<div id=\"fb-root\"><\/div>\n<p>[et_pb_section fb_built=\u00bb1&#8243; fullwidth=\u00bbon\u00bb _builder_version=\u00bb4.16&#8243; global_colors_info=\u00bb{}\u00bb][et_pb_fullwidth_header title=\u00bbInfantil\u00bb title_font_color=\u00bb#ffffff\u00bb module_class=\u00bbpagina-imagen-cabecera\u00bb _builder_version=\u00bb4.27.4&#8243; title_text_color=\u00bb#ffffff\u00bb title_font_size=\u00bb40px\u00bb background_color=\u00bbrgba(255, 255, 255, 0)\u00bb background_image=\u00bbhttps:\/\/linares.salesianos.edu\/colegio\/wp-content\/uploads\/sites\/16\/2021\/02\/encabezado_noticias_casa-min.png\u00bb background_layout=\u00bblight\u00bb max_width_tablet=\u00bb50px\u00bb background_url=\u00bbhttp:\/\/malaga.salesianos.edu\/wp-content\/uploads\/2017\/02\/Foto-de-portad_sin_letras.png\u00bb global_colors_info=\u00bb{}\u00bb button_one_text_size__hover_enabled=\u00bboff\u00bb button_two_text_size__hover_enabled=\u00bboff\u00bb button_one_text_color__hover_enabled=\u00bboff\u00bb button_two_text_color__hover_enabled=\u00bboff\u00bb button_one_border_width__hover_enabled=\u00bboff\u00bb button_two_border_width__hover_enabled=\u00bboff\u00bb button_one_border_color__hover_enabled=\u00bboff\u00bb button_two_border_color__hover_enabled=\u00bboff\u00bb button_one_border_radius__hover_enabled=\u00bboff\u00bb button_two_border_radius__hover_enabled=\u00bboff\u00bb button_one_letter_spacing__hover_enabled=\u00bboff\u00bb button_two_letter_spacing__hover_enabled=\u00bboff\u00bb button_one_bg_color__hover_enabled=\u00bboff\u00bb button_two_bg_color__hover_enabled=\u00bboff\u00bb][\/et_pb_fullwidth_header][\/et_pb_section][et_pb_section fb_built=\u00bb1&#8243; _builder_version=\u00bb4.16&#8243; global_colors_info=\u00bb{}\u00bb][et_pb_row column_structure=\u00bb1_2,1_2&#8243; _builder_version=\u00bb4.16&#8243; background_size=\u00bbinitial\u00bb background_position=\u00bbtop_left\u00bb background_repeat=\u00bbrepeat\u00bb global_colors_info=\u00bb{}\u00bb][et_pb_column type=\u00bb1_2&#8243; _builder_version=\u00bb4.27.4&#8243; _module_preset=\u00bbdefault\u00bb global_colors_info=\u00bb{}\u00bb][et_pb_image src=\u00bbhttps:\/\/linares.salesianos.edu\/colegio\/wp-content\/uploads\/sites\/16\/2025\/01\/462125235_1152648072883326_936896339143331095_n.jpg\u00bb title_text=\u00bb462125235_1152648072883326_936896339143331095_n\u00bb _builder_version=\u00bb4.27.4&#8243; _module_preset=\u00bbdefault\u00bb border_radii=\u00bbon|20px|20px|20px|20px\u00bb box_shadow_style=\u00bbpreset1&#8243; global_colors_info=\u00bb{}\u00bb][\/et_pb_image][\/et_pb_column][et_pb_column type=\u00bb1_2&#8243; _builder_version=\u00bb4.16&#8243; custom_padding=\u00bb|||\u00bb global_colors_info=\u00bb{}\u00bb custom_padding__hover=\u00bb|||\u00bb][et_pb_text _builder_version=\u00bb4.27.4&#8243; background_size=\u00bbinitial\u00bb background_position=\u00bbtop_left\u00bb background_repeat=\u00bbrepeat\u00bb global_colors_info=\u00bb{}\u00bb]<\/p>\n<p style=\"text-align: justify;\">En nuestro centro se comienza la escolaridad en el <strong>2\u00ba ciclo de Educaci\u00f3n Infantil, de 3 a 6 a\u00f1os<\/strong>. Disponemos de <strong>3 l\u00edneas<\/strong>, todas ellas <strong>concertadas<\/strong>, con un total de <strong>9 aulas <\/strong>de 3, 4 y 5 a\u00f1os.<\/p>\n<p style=\"text-align: justify;\">La educaci\u00f3n de los ni\u00f1os y ni\u00f1as en los primeros a\u00f1os escolares es <strong>decisiva para su futuro emocional, afectivo, cognitivo y psicomotor<\/strong>. Es por eso que en nuestro centro dedicamos una especial atenci\u00f3n en esta etapa, <span>ayudando a nuestro alumnado a desarrollar todo su potencial desde el primer d\u00eda.<\/span><span>\u00a0<\/span><\/p>\n<p style=\"text-align: justify;\"><span>Nuestro deseo es <strong>educar a la persona en su globalidad<\/strong>,\u00a0y no solo en el aspecto cognitivo, atendiendo en todo momento a la <strong>diversidad<\/strong> de nuestro alumnado y haci\u00e9ndoles <strong>protagonistas de su aprendizaje<\/strong>. Con ello, nos aseguramos de que cada ni\u00f1o y ni\u00f1a avance a su propio ritmo, <strong>respetando su madurez individual<\/strong>.<\/span><\/p>\n<p style=\"text-align: justify;\">[\/et_pb_text][\/et_pb_column][\/et_pb_row][et_pb_row column_structure=\u00bb1_4,1_4,1_4,1_4&#8243; _builder_version=\u00bb4.27.4&#8243; _module_preset=\u00bbdefault\u00bb global_colors_info=\u00bb{}\u00bb][et_pb_column type=\u00bb1_4&#8243; _builder_version=\u00bb4.27.4&#8243; _module_preset=\u00bbdefault\u00bb global_colors_info=\u00bb{}\u00bb][et_pb_image src=\u00bbhttps:\/\/linares.salesianos.edu\/colegio\/wp-content\/uploads\/sites\/16\/2025\/01\/469307544_1200835798064553_3443191112369817608_n.jpg\u00bb title_text=\u00bb469307544_1200835798064553_3443191112369817608_n\u00bb _builder_version=\u00bb4.27.4&#8243; _module_preset=\u00bbdefault\u00bb border_radii=\u00bbon|20px|20px|20px|20px\u00bb box_shadow_style=\u00bbpreset1&#8243; global_colors_info=\u00bb{}\u00bb][\/et_pb_image][\/et_pb_column][et_pb_column type=\u00bb1_4&#8243; _builder_version=\u00bb4.27.4&#8243; _module_preset=\u00bbdefault\u00bb global_colors_info=\u00bb{}\u00bb][et_pb_blurb title=\u00bbDistintas formas de aprender\u00bb use_icon=\u00bbon\u00bb icon_placement=\u00bbleft\u00bb image_icon_width=\u00bb112%\u00bb _builder_version=\u00bb4.27.4&#8243; _module_preset=\u00bbdefault\u00bb global_colors_info=\u00bb{}\u00bb]<\/p>\n<blockquote>\n<p style=\"text-align: justify;\"><span>Trabajamos por proyectos y de manera cooperativa, atiendiendo a las diferentes inteligencias y destrezas de nuestro alumnado con propuestas manipulativas que motivan el aprendizaje y potencian la creatividad y el pensamiento cr\u00edtico.<\/span><\/p>\n<\/blockquote>\n<p>[\/et_pb_blurb][\/et_pb_column][et_pb_column type=\u00bb1_4&#8243; _builder_version=\u00bb4.27.4&#8243; _module_preset=\u00bbdefault\u00bb global_colors_info=\u00bb{}\u00bb][et_pb_image src=\u00bbhttps:\/\/linares.salesianos.edu\/colegio\/wp-content\/uploads\/sites\/16\/2023\/10\/3a3ff639-727b-48b5-94ea-a5e9e3138428.jpg\u00bb title_text=\u00bb3a3ff639-727b-48b5-94ea-a5e9e3138428&#8243; _builder_version=\u00bb4.27.4&#8243; _module_preset=\u00bbdefault\u00bb border_radii=\u00bbon|20px|20px|20px|20px\u00bb box_shadow_style=\u00bbpreset1&#8243; global_colors_info=\u00bb{}\u00bb][\/et_pb_image][\/et_pb_column][et_pb_column type=\u00bb1_4&#8243; _builder_version=\u00bb4.27.4&#8243; _module_preset=\u00bbdefault\u00bb global_colors_info=\u00bb{}\u00bb][et_pb_blurb title=\u00bbTe sentir\u00e1s como en casa\u00bb use_icon=\u00bbon\u00bb icon_placement=\u00bbleft\u00bb image_icon_width=\u00bb112%\u00bb _builder_version=\u00bb4.27.4&#8243; _module_preset=\u00bbdefault\u00bb global_colors_info=\u00bb{}\u00bb]<\/p>\n<blockquote>\n<p style=\"text-align: justify;\"><span>\u00a1Un ambiente amable y familiar es lo que nos caracteriza!\u00a0Os invitaremos a participar de fiestas, talleres y otras atividades que te permitir\u00e1n conocer de primera mano lo que hacen tus hijos e hijas en el aula.<\/span><\/p>\n<\/blockquote>\n<p>[\/et_pb_blurb][\/et_pb_column][\/et_pb_row][et_pb_row column_structure=\u00bb1_4,1_4,1_4,1_4&#8243; _builder_version=\u00bb4.27.4&#8243; _module_preset=\u00bbdefault\u00bb global_colors_info=\u00bb{}\u00bb][et_pb_column type=\u00bb1_4&#8243; _builder_version=\u00bb4.27.4&#8243; _module_preset=\u00bbdefault\u00bb global_colors_info=\u00bb{}\u00bb][et_pb_image src=\u00bbhttps:\/\/linares.salesianos.edu\/colegio\/wp-content\/uploads\/sites\/16\/2025\/01\/462111522_1152648069549993_7589406848036836803_n.jpg\u00bb title_text=\u00bb462111522_1152648069549993_7589406848036836803_n\u00bb _builder_version=\u00bb4.27.4&#8243; _module_preset=\u00bbdefault\u00bb border_radii=\u00bbon|20px|20px|20px|20px\u00bb box_shadow_style=\u00bbpreset1&#8243; global_colors_info=\u00bb{}\u00bb][\/et_pb_image][\/et_pb_column][et_pb_column type=\u00bb1_4&#8243; _builder_version=\u00bb4.27.4&#8243; _module_preset=\u00bbdefault\u00bb global_colors_info=\u00bb{}\u00bb][et_pb_blurb title=\u00bbSomos biling\u00fces\u00bb use_icon=\u00bbon\u00bb icon_placement=\u00bbleft\u00bb image_icon_width=\u00bb112%\u00bb _builder_version=\u00bb4.27.4&#8243; _module_preset=\u00bbdefault\u00bb global_colors_info=\u00bb{}\u00bb]<\/p>\n<blockquote>\n<p style=\"text-align: justify;\"><span>Aprendemos ingl\u00e9s de una forma divertida, mediante canciones y juegos que fomentan la expresi\u00f3n oral. \u00a1Disfrutar\u00e1n aprendiendo un nuevo idioma!<\/span><\/p>\n<\/blockquote>\n<p>[\/et_pb_blurb][\/et_pb_column][et_pb_column type=\u00bb1_4&#8243; _builder_version=\u00bb4.27.4&#8243; _module_preset=\u00bbdefault\u00bb global_colors_info=\u00bb{}\u00bb][et_pb_image src=\u00bbhttps:\/\/linares.salesianos.edu\/colegio\/wp-content\/uploads\/sites\/16\/2025\/01\/461948953_1152648062883327_8853544948979690851_n.jpg\u00bb title_text=\u00bb461948953_1152648062883327_8853544948979690851_n\u00bb _builder_version=\u00bb4.27.4&#8243; _module_preset=\u00bbdefault\u00bb border_radii=\u00bbon|20px|20px|20px|20px\u00bb box_shadow_style=\u00bbpreset1&#8243; global_colors_info=\u00bb{}\u00bb][\/et_pb_image][\/et_pb_column][et_pb_column type=\u00bb1_4&#8243; _builder_version=\u00bb4.27.4&#8243; _module_preset=\u00bbdefault\u00bb global_colors_info=\u00bb{}\u00bb][et_pb_blurb title=\u00bbCada persona es diferente\u00bb use_icon=\u00bbon\u00bb icon_placement=\u00bbleft\u00bb image_icon_width=\u00bb112%\u00bb _builder_version=\u00bb4.27.4&#8243; _module_preset=\u00bbdefault\u00bb global_colors_info=\u00bb{}\u00bb]<\/p>\n<blockquote>\n<p style=\"text-align: justify;\"><span>\u00a1Un ambiente amable y familiar es lo que nos caracteriza!\u00a0Os invitaremos a participar de fiestas, talleres y otras atividades que te permitir\u00e1n conocer de primera mano lo que hacen tus hijos e hijas en el aula.<\/span><\/p>\n<\/blockquote>\n<p>[\/et_pb_blurb][\/et_pb_column][\/et_pb_row][et_pb_row column_structure=\u00bb1_4,1_4,1_4,1_4&#8243; _builder_version=\u00bb4.27.4&#8243; _module_preset=\u00bbdefault\u00bb global_colors_info=\u00bb{}\u00bb][et_pb_column type=\u00bb1_4&#8243; _builder_version=\u00bb4.27.4&#8243; _module_preset=\u00bbdefault\u00bb global_colors_info=\u00bb{}\u00bb][et_pb_image src=\u00bbhttps:\/\/linares.salesianos.edu\/colegio\/wp-content\/uploads\/sites\/16\/2025\/01\/469351020_1202244391257027_7781586278225375982_n.jpg\u00bb title_text=\u00bb469351020_1202244391257027_7781586278225375982_n\u00bb _builder_version=\u00bb4.27.4&#8243; _module_preset=\u00bbdefault\u00bb border_radii=\u00bbon|20px|20px|20px|20px\u00bb box_shadow_style=\u00bbpreset1&#8243; global_colors_info=\u00bb{}\u00bb][\/et_pb_image][\/et_pb_column][et_pb_column type=\u00bb1_4&#8243; _builder_version=\u00bb4.27.4&#8243; _module_preset=\u00bbdefault\u00bb global_colors_info=\u00bb{}\u00bb][et_pb_blurb title=\u00bbNos acercamos a la figura Jes\u00fas\u00bb use_icon=\u00bbon\u00bb icon_placement=\u00bbleft\u00bb image_icon_width=\u00bb112%\u00bb _builder_version=\u00bb4.27.4&#8243; _module_preset=\u00bbdefault\u00bb global_colors_info=\u00bb{}\u00bb]<\/p>\n<blockquote>\n<p style=\"text-align: justify;\"><span>\u00bfQui\u00e9n es Jes\u00fas? \u00bfY Don Bosco? \u00bfQu\u00e9 es rezar? Durante esta etapa se inicia el primer acercamiento hacia la fe cristiana como herramienta para educar en valores y cultivar la interioridad.<\/span><\/p>\n<\/blockquote>\n<p>[\/et_pb_blurb][\/et_pb_column][et_pb_column type=\u00bb1_4&#8243; _builder_version=\u00bb4.27.4&#8243; _module_preset=\u00bbdefault\u00bb global_colors_info=\u00bb{}\u00bb][et_pb_image src=\u00bbhttps:\/\/linares.salesianos.edu\/colegio\/wp-content\/uploads\/sites\/16\/2025\/01\/462139223_1152648079549992_8443009242293247635_n.jpg\u00bb title_text=\u00bb462139223_1152648079549992_8443009242293247635_n\u00bb _builder_version=\u00bb4.27.4&#8243; _module_preset=\u00bbdefault\u00bb border_radii=\u00bbon|20px|20px|20px|20px\u00bb box_shadow_style=\u00bbpreset1&#8243; global_colors_info=\u00bb{}\u00bb][\/et_pb_image][\/et_pb_column][et_pb_column type=\u00bb1_4&#8243; _builder_version=\u00bb4.27.4&#8243; _module_preset=\u00bbdefault\u00bb global_colors_info=\u00bb{}\u00bb][et_pb_blurb title=\u00bbCuidamos los espacios\u00bb use_icon=\u00bbon\u00bb icon_placement=\u00bbleft\u00bb image_icon_width=\u00bb112%\u00bb _builder_version=\u00bb4.27.4&#8243; _module_preset=\u00bbdefault\u00bb global_colors_info=\u00bb{}\u00bb]<\/p>\n<blockquote>\n<p style=\"text-align: justify;\"><span>Infantil cuenta con su propio acceso para mayor tranquilidad del alumnado. Cada aula dispone de aseos a medida. Adem\u00e1s, contamos con una sala de psicomotricidad, aula de apoyo, comedor y patios diferenciados.<\/span><\/p>\n<\/blockquote>\n<p>[\/et_pb_blurb][\/et_pb_column][\/et_pb_row][\/et_pb_section]<\/p>\n","protected":false},"excerpt":{"rendered":"<p>En nuestro centro se comienza la escolaridad en el 2\u00ba ciclo de Educaci\u00f3n Infantil, de 3 a 6 a\u00f1os. Disponemos de 3 l\u00edneas, todas ellas concertadas, con un total de 9 aulas de 3, 4 y 5 a\u00f1os. La educaci\u00f3n de los ni\u00f1os y ni\u00f1as en los primeros a\u00f1os escolares es decisiva para su futuro [&hellip;]<\/p>\n","protected":false},"author":3,"featured_media":6077,"parent":3818,"menu_order":1,"comment_status":"closed","ping_status":"closed","template":"","meta":{"_et_pb_use_builder":"on","_et_pb_old_content":"<p>Nuestro centro acoge el\u00a02\u00ba ciclo de Educaci\u00f3n Infantil. Es una\u00a0etapa concertada que consta de\u00a06 aulas\u00a0distribuidas en 3 cursos con\u00a02 l\u00edneas de 3, 4 y 5 a\u00f1os. Adem\u00e1s, disponemos de un aula de ingl\u00e9s, para desarrollar el trabajo de dicha materia.<\/p><p>La educaci\u00f3n de los ni\u00f1os y ni\u00f1as en los primeros a\u00f1os escolares es\u00a0decisiva para su futuro emocional, afectivo, cognitivo y psicomotor, es por ello que esta etapa es una de las m\u00e1s importantes en la vida de una persona. La etapa de infantil se caracteriza por un\u00a0enfoque globalizador, donde el alumnado es\u00a0protagonista de su aprendizaje, atendiendo al ritmo madurativo de cada ni\u00f1o\/a. Para conseguir nuestros objetivos apostamos por\u00a0metodolog\u00edas activas:<\/p><p>Aprendizaje cooperativo.<br \/> Trabajo por proyectos.<br \/> Inteligencias m\u00faltiples.<br \/> Educaci\u00f3n emocional.<\/p><p>Nuestra meta es\u00a0la educaci\u00f3n integral de la persona, no solo en el aspecto cognitivo, atendiendo en todo momento a la\u00a0diversidad\u00a0de nuestro alumnado. En este sentido contamos con un\u00a0aula de apoyo a la integraci\u00f3n\u00a0y\u00a0logopeda. Existe una relaci\u00f3n directa con el CAIT y otros centros de atenci\u00f3n temprana y estimulaci\u00f3n del lenguaje.<br \/> Apostamos por el proyecto biling\u00fcismo del centro desde la etapa de infantil. Contamos con personal cualificado y un auxiliar de conversaci\u00f3n que participa en varios \u00e1mbitos del curr\u00edculum de la etapa de educaci\u00f3n infantil.<\/p><p>\u00a0<\/p>","_et_gb_content_width":"","footnotes":""},"class_list":["post-3934","page","type-page","status-publish","has-post-thumbnail","hentry"],"yoast_head":"<!-- This site is optimized with the Yoast SEO plugin v27.4 - https:\/\/yoast.com\/product\/yoast-seo-wordpress\/ -->\n<title>Infantil - Colegio<\/title>\n<meta name=\"robots\" content=\"index, follow, max-snippet:-1, max-image-preview:large, max-video-preview:-1\" \/>\n<link rel=\"canonical\" href=\"https:\/\/linares.salesianos.edu\/colegio\/oferta-educativa\/infantil\/\" \/>\n<meta property=\"og:locale\" content=\"es_ES\" \/>\n<meta property=\"og:type\" content=\"article\" \/>\n<meta property=\"og:title\" content=\"Infantil - Colegio\" \/>\n<meta property=\"og:description\" content=\"En nuestro centro se comienza la escolaridad en el 2\u00ba ciclo de Educaci\u00f3n Infantil, de 3 a 6 a\u00f1os. Disponemos de 3 l\u00edneas, todas ellas concertadas, con un total de 9 aulas de 3, 4 y 5 a\u00f1os. La educaci\u00f3n de los ni\u00f1os y ni\u00f1as en los primeros a\u00f1os escolares es decisiva para su futuro [&hellip;]\" \/>\n<meta property=\"og:url\" content=\"https:\/\/linares.salesianos.edu\/colegio\/oferta-educativa\/infantil\/\" \/>\n<meta property=\"og:site_name\" content=\"Colegio\" \/>\n<meta property=\"article:modified_time\" content=\"2025-01-28T22:47:33+00:00\" \/>\n<meta property=\"og:image\" content=\"https:\/\/linares.salesianos.edu\/colegio\/wp-content\/uploads\/sites\/16\/2025\/01\/462125235_1152648072883326_936896339143331095_n.jpg\" \/>\n\t<meta property=\"og:image:width\" content=\"1440\" \/>\n\t<meta property=\"og:image:height\" content=\"1080\" \/>\n\t<meta property=\"og:image:type\" content=\"image\/jpeg\" \/>\n<meta name=\"twitter:card\" content=\"summary_large_image\" \/>\n<meta name=\"twitter:label1\" content=\"Tiempo de lectura\" \/>\n\t<meta name=\"twitter:data1\" content=\"3 minutos\" \/>\n<script type=\"application\/ld+json\" class=\"yoast-schema-graph\">{\"@context\":\"https:\\\/\\\/schema.org\",\"@graph\":[{\"@type\":\"WebPage\",\"@id\":\"https:\\\/\\\/linares.salesianos.edu\\\/colegio\\\/oferta-educativa\\\/infantil\\\/\",\"url\":\"https:\\\/\\\/linares.salesianos.edu\\\/colegio\\\/oferta-educativa\\\/infantil\\\/\",\"name\":\"Infantil - Colegio\",\"isPartOf\":{\"@id\":\"https:\\\/\\\/linares.salesianos.edu\\\/colegio\\\/#website\"},\"primaryImageOfPage\":{\"@id\":\"https:\\\/\\\/linares.salesianos.edu\\\/colegio\\\/oferta-educativa\\\/infantil\\\/#primaryimage\"},\"image\":{\"@id\":\"https:\\\/\\\/linares.salesianos.edu\\\/colegio\\\/oferta-educativa\\\/infantil\\\/#primaryimage\"},\"thumbnailUrl\":\"https:\\\/\\\/linares.salesianos.edu\\\/colegio\\\/wp-content\\\/uploads\\\/sites\\\/16\\\/2025\\\/01\\\/462125235_1152648072883326_936896339143331095_n.jpg\",\"datePublished\":\"2017-10-29T09:02:30+00:00\",\"dateModified\":\"2025-01-28T22:47:33+00:00\",\"breadcrumb\":{\"@id\":\"https:\\\/\\\/linares.salesianos.edu\\\/colegio\\\/oferta-educativa\\\/infantil\\\/#breadcrumb\"},\"inLanguage\":\"es\",\"potentialAction\":[{\"@type\":\"ReadAction\",\"target\":[\"https:\\\/\\\/linares.salesianos.edu\\\/colegio\\\/oferta-educativa\\\/infantil\\\/\"]}]},{\"@type\":\"ImageObject\",\"inLanguage\":\"es\",\"@id\":\"https:\\\/\\\/linares.salesianos.edu\\\/colegio\\\/oferta-educativa\\\/infantil\\\/#primaryimage\",\"url\":\"https:\\\/\\\/linares.salesianos.edu\\\/colegio\\\/wp-content\\\/uploads\\\/sites\\\/16\\\/2025\\\/01\\\/462125235_1152648072883326_936896339143331095_n.jpg\",\"contentUrl\":\"https:\\\/\\\/linares.salesianos.edu\\\/colegio\\\/wp-content\\\/uploads\\\/sites\\\/16\\\/2025\\\/01\\\/462125235_1152648072883326_936896339143331095_n.jpg\",\"width\":1440,\"height\":1080},{\"@type\":\"BreadcrumbList\",\"@id\":\"https:\\\/\\\/linares.salesianos.edu\\\/colegio\\\/oferta-educativa\\\/infantil\\\/#breadcrumb\",\"itemListElement\":[{\"@type\":\"ListItem\",\"position\":1,\"name\":\"Portada\",\"item\":\"https:\\\/\\\/linares.salesianos.edu\\\/colegio\\\/\"},{\"@type\":\"ListItem\",\"position\":2,\"name\":\"Oferta educativa\",\"item\":\"https:\\\/\\\/linares.salesianos.edu\\\/colegio\\\/oferta-educativa\\\/\"},{\"@type\":\"ListItem\",\"position\":3,\"name\":\"Infantil\"}]},{\"@type\":\"WebSite\",\"@id\":\"https:\\\/\\\/linares.salesianos.edu\\\/colegio\\\/#website\",\"url\":\"https:\\\/\\\/linares.salesianos.edu\\\/colegio\\\/\",\"name\":\"Colegio\",\"description\":\"P\u00e1gina oficial Salesianos Linares\",\"potentialAction\":[{\"@type\":\"SearchAction\",\"target\":{\"@type\":\"EntryPoint\",\"urlTemplate\":\"https:\\\/\\\/linares.salesianos.edu\\\/colegio\\\/?s={search_term_string}\"},\"query-input\":{\"@type\":\"PropertyValueSpecification\",\"valueRequired\":true,\"valueName\":\"search_term_string\"}}],\"inLanguage\":\"es\"}]}<\/script>\n<!-- \/ Yoast SEO plugin. -->","yoast_head_json":{"title":"Infantil - Colegio","robots":{"index":"index","follow":"follow","max-snippet":"max-snippet:-1","max-image-preview":"max-image-preview:large","max-video-preview":"max-video-preview:-1"},"canonical":"https:\/\/linares.salesianos.edu\/colegio\/oferta-educativa\/infantil\/","og_locale":"es_ES","og_type":"article","og_title":"Infantil - Colegio","og_description":"En nuestro centro se comienza la escolaridad en el 2\u00ba ciclo de Educaci\u00f3n Infantil, de 3 a 6 a\u00f1os. Disponemos de 3 l\u00edneas, todas ellas concertadas, con un total de 9 aulas de 3, 4 y 5 a\u00f1os. La educaci\u00f3n de los ni\u00f1os y ni\u00f1as en los primeros a\u00f1os escolares es decisiva para su futuro [&hellip;]","og_url":"https:\/\/linares.salesianos.edu\/colegio\/oferta-educativa\/infantil\/","og_site_name":"Colegio","article_modified_time":"2025-01-28T22:47:33+00:00","og_image":[{"width":1440,"height":1080,"url":"https:\/\/linares.salesianos.edu\/colegio\/wp-content\/uploads\/sites\/16\/2025\/01\/462125235_1152648072883326_936896339143331095_n.jpg","type":"image\/jpeg"}],"twitter_card":"summary_large_image","twitter_misc":{"Tiempo de lectura":"3 minutos"},"schema":{"@context":"https:\/\/schema.org","@graph":[{"@type":"WebPage","@id":"https:\/\/linares.salesianos.edu\/colegio\/oferta-educativa\/infantil\/","url":"https:\/\/linares.salesianos.edu\/colegio\/oferta-educativa\/infantil\/","name":"Infantil - Colegio","isPartOf":{"@id":"https:\/\/linares.salesianos.edu\/colegio\/#website"},"primaryImageOfPage":{"@id":"https:\/\/linares.salesianos.edu\/colegio\/oferta-educativa\/infantil\/#primaryimage"},"image":{"@id":"https:\/\/linares.salesianos.edu\/colegio\/oferta-educativa\/infantil\/#primaryimage"},"thumbnailUrl":"https:\/\/linares.salesianos.edu\/colegio\/wp-content\/uploads\/sites\/16\/2025\/01\/462125235_1152648072883326_936896339143331095_n.jpg","datePublished":"2017-10-29T09:02:30+00:00","dateModified":"2025-01-28T22:47:33+00:00","breadcrumb":{"@id":"https:\/\/linares.salesianos.edu\/colegio\/oferta-educativa\/infantil\/#breadcrumb"},"inLanguage":"es","potentialAction":[{"@type":"ReadAction","target":["https:\/\/linares.salesianos.edu\/colegio\/oferta-educativa\/infantil\/"]}]},{"@type":"ImageObject","inLanguage":"es","@id":"https:\/\/linares.salesianos.edu\/colegio\/oferta-educativa\/infantil\/#primaryimage","url":"https:\/\/linares.salesianos.edu\/colegio\/wp-content\/uploads\/sites\/16\/2025\/01\/462125235_1152648072883326_936896339143331095_n.jpg","contentUrl":"https:\/\/linares.salesianos.edu\/colegio\/wp-content\/uploads\/sites\/16\/2025\/01\/462125235_1152648072883326_936896339143331095_n.jpg","width":1440,"height":1080},{"@type":"BreadcrumbList","@id":"https:\/\/linares.salesianos.edu\/colegio\/oferta-educativa\/infantil\/#breadcrumb","itemListElement":[{"@type":"ListItem","position":1,"name":"Portada","item":"https:\/\/linares.salesianos.edu\/colegio\/"},{"@type":"ListItem","position":2,"name":"Oferta educativa","item":"https:\/\/linares.salesianos.edu\/colegio\/oferta-educativa\/"},{"@type":"ListItem","position":3,"name":"Infantil"}]},{"@type":"WebSite","@id":"https:\/\/linares.salesianos.edu\/colegio\/#website","url":"https:\/\/linares.salesianos.edu\/colegio\/","name":"Colegio","description":"P\u00e1gina oficial Salesianos Linares","potentialAction":[{"@type":"SearchAction","target":{"@type":"EntryPoint","urlTemplate":"https:\/\/linares.salesianos.edu\/colegio\/?s={search_term_string}"},"query-input":{"@type":"PropertyValueSpecification","valueRequired":true,"valueName":"search_term_string"}}],"inLanguage":"es"}]}},"_links":{"self":[{"href":"https:\/\/linares.salesianos.edu\/colegio\/wp-json\/wp\/v2\/pages\/3934","targetHints":{"allow":["GET"]}}],"collection":[{"href":"https:\/\/linares.salesianos.edu\/colegio\/wp-json\/wp\/v2\/pages"}],"about":[{"href":"https:\/\/linares.salesianos.edu\/colegio\/wp-json\/wp\/v2\/types\/page"}],"author":[{"embeddable":true,"href":"https:\/\/linares.salesianos.edu\/colegio\/wp-json\/wp\/v2\/users\/3"}],"replies":[{"embeddable":true,"href":"https:\/\/linares.salesianos.edu\/colegio\/wp-json\/wp\/v2\/comments?post=3934"}],"version-history":[{"count":12,"href":"https:\/\/linares.salesianos.edu\/colegio\/wp-json\/wp\/v2\/pages\/3934\/revisions"}],"predecessor-version":[{"id":6081,"href":"https:\/\/linares.salesianos.edu\/colegio\/wp-json\/wp\/v2\/pages\/3934\/revisions\/6081"}],"up":[{"embeddable":true,"href":"https:\/\/linares.salesianos.edu\/colegio\/wp-json\/wp\/v2\/pages\/3818"}],"wp:featuredmedia":[{"embeddable":true,"href":"https:\/\/linares.salesianos.edu\/colegio\/wp-json\/wp\/v2\/media\/6077"}],"wp:attachment":[{"href":"https:\/\/linares.salesianos.edu\/colegio\/wp-json\/wp\/v2\/media?parent=3934"}],"curies":[{"name":"wp","href":"https:\/\/api.w.org\/{rel}","templated":true}]}}