{"id":3941,"date":"2017-10-29T10:05:25","date_gmt":"2017-10-29T09:05:25","guid":{"rendered":"https:\/\/linares.salesianos.edu\/colegio\/?page_id=3941"},"modified":"2025-01-29T20:39:13","modified_gmt":"2025-01-29T19:39:13","slug":"innovacion-educativa","status":"publish","type":"page","link":"https:\/\/linares.salesianos.edu\/colegio\/oferta-educativa\/innovacion-educativa\/","title":{"rendered":"Innovaci\u00f3n educativa"},"content":{"rendered":"<div id=\"fb-root\"><\/div>\n<p>[et_pb_section fb_built=\u00bb1&#8243; fullwidth=\u00bbon\u00bb _builder_version=\u00bb4.16&#8243; global_colors_info=\u00bb{}\u00bb][et_pb_fullwidth_header title=\u00bbInnovaci\u00f3n educativa\u00bb title_font_color=\u00bb#ffffff\u00bb module_class=\u00bbpagina-imagen-cabecera\u00bb _builder_version=\u00bb4.16&#8243; title_text_color=\u00bb#ffffff\u00bb title_font_size=\u00bb40px\u00bb background_color=\u00bbrgba(255, 255, 255, 0)\u00bb background_image=\u00bbhttps:\/\/linares.salesianos.edu\/colegio\/wp-content\/uploads\/sites\/16\/2021\/02\/encabezado_noticias_casa-min-1.png\u00bb background_layout=\u00bblight\u00bb max_width_tablet=\u00bb50px\u00bb background_url=\u00bbhttp:\/\/malaga.salesianos.edu\/wp-content\/uploads\/2017\/02\/Foto-de-portad_sin_letras.png\u00bb global_colors_info=\u00bb{}\u00bb button_one_text_size__hover_enabled=\u00bboff\u00bb button_two_text_size__hover_enabled=\u00bboff\u00bb button_one_text_color__hover_enabled=\u00bboff\u00bb button_two_text_color__hover_enabled=\u00bboff\u00bb button_one_border_width__hover_enabled=\u00bboff\u00bb button_two_border_width__hover_enabled=\u00bboff\u00bb button_one_border_color__hover_enabled=\u00bboff\u00bb button_two_border_color__hover_enabled=\u00bboff\u00bb button_one_border_radius__hover_enabled=\u00bboff\u00bb button_two_border_radius__hover_enabled=\u00bboff\u00bb button_one_letter_spacing__hover_enabled=\u00bboff\u00bb button_two_letter_spacing__hover_enabled=\u00bboff\u00bb button_one_bg_color__hover_enabled=\u00bboff\u00bb button_two_bg_color__hover_enabled=\u00bboff\u00bb][\/et_pb_fullwidth_header][\/et_pb_section][et_pb_section fb_built=\u00bb1&#8243; _builder_version=\u00bb4.16&#8243; global_colors_info=\u00bb{}\u00bb][et_pb_row _builder_version=\u00bb4.16&#8243; background_size=\u00bbinitial\u00bb background_position=\u00bbtop_left\u00bb background_repeat=\u00bbrepeat\u00bb global_colors_info=\u00bb{}\u00bb][et_pb_column type=\u00bb4_4&#8243; _builder_version=\u00bb4.16&#8243; custom_padding=\u00bb|||\u00bb global_colors_info=\u00bb{}\u00bb custom_padding__hover=\u00bb|||\u00bb][et_pb_text _builder_version=\u00bb4.27.4&#8243; global_colors_info=\u00bb{}\u00bb]<\/p>\n<p style=\"text-align: justify;\">El siglo XXI ha abierto a la humanidad un diverso escenario de retos. Muchos de estos han sobrevenido en los \u00faltimos a\u00f1os producto de los avances que est\u00e1n teniendo lugar en una sociedad con profundos cambios en el plano de lo social, lo tecnol\u00f3gico, las comunicaciones\u2026 Buena cuenta de ello es el creciente fen\u00f3meno de la globalizaci\u00f3n\u2026 La escuela ha dado respuesta convenientemente a las demandas sociales que se le han ido planteando a lo largo de la historia; pero las sociedades son \u00abentes vivos\u00bb y la escuela es necesario que avance para continuar cumpliendo sus finalidades educativas en la sociedad de hoy. Los cambios sociales de las \u00faltimas d\u00e9cadas hacen necesario para la escuela un proceso de actualizaci\u00f3n, esto es, un ajuste de su acci\u00f3n educativa.<\/p>\n<p style=\"text-align: justify;\">La MISI\u00d3N de la escuela salesiana del siglo XXI afronta el reto de educar a personas que sepan afrontar el mundo en el que van a vivir. Definir el modelo de persona que queremos para la sociedad de ma\u00f1ana es el primer paso para afrontar los procesos de cambio e innovaci\u00f3n. Nuestros esfuerzos se encaminan hacia formar a una persona que presentamos a continuaci\u00f3n:\u00a0<\/p>\n<p>[\/et_pb_text][et_pb_image src=\u00bbhttps:\/\/linares.salesianos.edu\/colegio\/wp-content\/uploads\/sites\/16\/2025\/01\/MODELODEPERSONA.png\u00bb align_tablet=\u00bbcenter\u00bb align_phone=\u00bbcenter\u00bb align_last_edited=\u00bbon|desktop\u00bb _builder_version=\u00bb4.27.4&#8243; hover_enabled=\u00bb0&#8243; always_center_on_mobile=\u00bbon\u00bb global_colors_info=\u00bb{}\u00bb title_text=\u00bbMODELODEPERSONA\u00bb sticky_enabled=\u00bb0&#8243;][\/et_pb_image][et_pb_image src=\u00bbhttps:\/\/linares.salesianos.edu\/colegio\/wp-content\/uploads\/sites\/16\/2025\/01\/Dodecaedro_2022-2.png\u00bb _builder_version=\u00bb4.27.4&#8243; _module_preset=\u00bbdefault\u00bb title_text=\u00bbDodecaedro_2022-2&#8243; hover_enabled=\u00bb0&#8243; sticky_enabled=\u00bb0&#8243;][\/et_pb_image][et_pb_text _builder_version=\u00bb4.27.4&#8243; global_colors_info=\u00bb{}\u00bb]<\/p>\n<p style=\"text-align: justify;\">En nuestro estilo educativo, la CEP se convierte en elemento fundamental que se concreta en participaci\u00f3n activa, responsabilidad educativa y ambiente educativo. La metodolog\u00eda utilizada es fundamental para que el alumnado desarrolle de forma natural e integrada las capacidades y las habilidades que se han destacado. Ha de ser una metodolog\u00eda activa, pues, adem\u00e1s de los beneficios cognitivos y de aprendizaje, proporciona al alumnado beneficios sociales y emocionales y lo convierte en protagonista y responsable de su aprendizaje;\u00a0 permite aplicar lo aprendido y promueve todas sus dimensiones; mientras, desde la pr\u00e1ctica, va prepar\u00e1ndole para la vida.<\/p>\n<p>[\/et_pb_text][\/et_pb_column][\/et_pb_row][et_pb_row column_structure=\u00bb1_3,1_3,1_3&#8243; _builder_version=\u00bb4.16&#8243; background_size=\u00bbinitial\u00bb background_position=\u00bbtop_left\u00bb background_repeat=\u00bbrepeat\u00bb global_colors_info=\u00bb{}\u00bb][et_pb_column type=\u00bb1_3&#8243; _builder_version=\u00bb4.16&#8243; custom_padding=\u00bb|||\u00bb global_colors_info=\u00bb{}\u00bb custom_padding__hover=\u00bb|||\u00bb][et_pb_text _builder_version=\u00bb4.27.4&#8243; global_colors_info=\u00bb{}\u00bb]<\/p>\n<p style=\"text-align: justify;\"><img loading=\"lazy\" decoding=\"async\" class=\"size-full wp-image-4916 aligncenter\" src=\"https:\/\/linares.salesianos.edu\/colegio\/wp-content\/uploads\/sites\/16\/2017\/12\/innovacion3.png\" alt=\"\" width=\"256\" height=\"256\" srcset=\"https:\/\/linares.salesianos.edu\/colegio\/wp-content\/uploads\/sites\/16\/2017\/12\/innovacion3.png 256w, https:\/\/linares.salesianos.edu\/colegio\/wp-content\/uploads\/sites\/16\/2017\/12\/innovacion3-150x150.png 150w\" sizes=\"(max-width: 256px) 100vw, 256px\" \/><\/p>\n<p style=\"text-align: center;\">INCLUSI\u00d3N<\/p>\n<p style=\"text-align: justify;\">Repensar la organizaci\u00f3n y las acciones educativas para promover la presencia, el rendimiento y la participaci\u00f3n de todo el alumnado en la vida escolar.<\/p>\n<p><img loading=\"lazy\" decoding=\"async\" class=\"size-full wp-image-4917 aligncenter\" src=\"https:\/\/linares.salesianos.edu\/colegio\/wp-content\/uploads\/sites\/16\/2017\/12\/innovacion4.png\" alt=\"\" width=\"256\" height=\"256\" srcset=\"https:\/\/linares.salesianos.edu\/colegio\/wp-content\/uploads\/sites\/16\/2017\/12\/innovacion4.png 256w, https:\/\/linares.salesianos.edu\/colegio\/wp-content\/uploads\/sites\/16\/2017\/12\/innovacion4-150x150.png 150w\" sizes=\"(max-width: 256px) 100vw, 256px\" \/><\/p>\n<p style=\"text-align: center;\">APRENDIZAJE BASADO EN PROYECTOS<\/p>\n<p style=\"text-align: justify;\">Consiste en proponer una situaci\u00f3n contextualizada en la que hay que realizar o elaborar algo para lo cual hay que usar conocimientos adquiridos o investigar para adquirir los conocimientos.<\/p>\n<p>[\/et_pb_text][\/et_pb_column][et_pb_column type=\u00bb1_3&#8243; _builder_version=\u00bb4.16&#8243; custom_padding=\u00bb|||\u00bb global_colors_info=\u00bb{}\u00bb custom_padding__hover=\u00bb|||\u00bb][et_pb_text _builder_version=\u00bb4.27.4&#8243; global_colors_info=\u00bb{}\u00bb]<\/p>\n<p style=\"text-align: center;\"><img loading=\"lazy\" decoding=\"async\" class=\"size-full wp-image-4918 aligncenter\" src=\"https:\/\/linares.salesianos.edu\/colegio\/wp-content\/uploads\/sites\/16\/2017\/12\/innovacion5.png\" alt=\"\" width=\"256\" height=\"256\" srcset=\"https:\/\/linares.salesianos.edu\/colegio\/wp-content\/uploads\/sites\/16\/2017\/12\/innovacion5.png 256w, https:\/\/linares.salesianos.edu\/colegio\/wp-content\/uploads\/sites\/16\/2017\/12\/innovacion5-150x150.png 150w\" sizes=\"(max-width: 256px) 100vw, 256px\" \/><\/p>\n<p style=\"text-align: center;\">PREVENCI\u00d3N<\/p>\n<p style=\"text-align: justify;\">Favorecer aquellas opciones pedag\u00f3gicas que \u00abpre-paren\u00bb al alumnado, lo \u00abpre-dispongan\u00bb para enfrentarse a la vida con los recursos necesarios y permitan adelantarnos y evitar las dificultades personales y escolares.<\/p>\n<p style=\"text-align: center;\"><img loading=\"lazy\" decoding=\"async\" class=\"size-full wp-image-4919 aligncenter\" src=\"https:\/\/linares.salesianos.edu\/colegio\/wp-content\/uploads\/sites\/16\/2017\/12\/innovacion6.png\" alt=\"\" width=\"256\" height=\"256\" srcset=\"https:\/\/linares.salesianos.edu\/colegio\/wp-content\/uploads\/sites\/16\/2017\/12\/innovacion6.png 256w, https:\/\/linares.salesianos.edu\/colegio\/wp-content\/uploads\/sites\/16\/2017\/12\/innovacion6-150x150.png 150w\" sizes=\"(max-width: 256px) 100vw, 256px\" \/><\/p>\n<p style=\"text-align: center;\">APRENDIZAJE COOPERATIVO<\/p>\n<p style=\"text-align: justify;\">Es el empleo did\u00e1ctico de grupos reducidos en los que los alumnos trabajan juntos para maximizar su propio aprendizaje y el de los dem\u00e1s.<\/p>\n<p>[\/et_pb_text][\/et_pb_column][et_pb_column type=\u00bb1_3&#8243; _builder_version=\u00bb4.16&#8243; custom_padding=\u00bb|||\u00bb global_colors_info=\u00bb{}\u00bb custom_padding__hover=\u00bb|||\u00bb][et_pb_text _builder_version=\u00bb4.16&#8243; global_colors_info=\u00bb{}\u00bb]<\/p>\n<p style=\"text-align: center;\"><img loading=\"lazy\" decoding=\"async\" class=\"size-full wp-image-4920 aligncenter\" src=\"https:\/\/linares.salesianos.edu\/colegio\/wp-content\/uploads\/sites\/16\/2017\/12\/innovacion7.png\" alt=\"\" width=\"256\" height=\"256\" srcset=\"https:\/\/linares.salesianos.edu\/colegio\/wp-content\/uploads\/sites\/16\/2017\/12\/innovacion7.png 256w, https:\/\/linares.salesianos.edu\/colegio\/wp-content\/uploads\/sites\/16\/2017\/12\/innovacion7-150x150.png 150w\" sizes=\"(max-width: 256px) 100vw, 256px\" \/><\/p>\n<p style=\"text-align: center;\">ACOMPA\u00d1AMIENTO<\/p>\n<p style=\"text-align: justify;\">Algo que caracteriza a las Escuelas Salesianas son las relaciones interpersonales estrechas y el clima de familia. Acompa\u00f1amos a las personas por medio del ambiente general, los grupos y la relaci\u00f3n personal.<\/p>\n<p style=\"text-align: center;\"><img loading=\"lazy\" decoding=\"async\" class=\"size-full wp-image-4921 aligncenter\" src=\"https:\/\/linares.salesianos.edu\/colegio\/wp-content\/uploads\/sites\/16\/2017\/12\/innovacion8.png\" alt=\"\" width=\"256\" height=\"256\" srcset=\"https:\/\/linares.salesianos.edu\/colegio\/wp-content\/uploads\/sites\/16\/2017\/12\/innovacion8.png 256w, https:\/\/linares.salesianos.edu\/colegio\/wp-content\/uploads\/sites\/16\/2017\/12\/innovacion8-150x150.png 150w\" sizes=\"(max-width: 256px) 100vw, 256px\" \/><\/p>\n<p style=\"text-align: center;\">EVALUACI\u00d3N FORMATIVA<\/p>\n<p style=\"text-align: justify;\">Consiste en obtener informaci\u00f3n acerca del estado de aprendizaje de cada alumno y, a partir de ello, tomar decisiones que ayuden a mejorar el desarrollo de dicho proceso.<\/p>\n<p>[\/et_pb_text][\/et_pb_column][\/et_pb_row][\/et_pb_section]<\/p>\n","protected":false},"excerpt":{"rendered":"<p>El siglo XXI ha abierto a la humanidad un diverso escenario de retos. Muchos de estos han sobrevenido en los \u00faltimos a\u00f1os producto de los avances que est\u00e1n teniendo lugar en una sociedad con profundos cambios en el plano de lo social, lo tecnol\u00f3gico, las comunicaciones\u2026 Buena cuenta de ello es el creciente fen\u00f3meno de [&hellip;]<\/p>\n","protected":false},"author":3,"featured_media":0,"parent":3818,"menu_order":4,"comment_status":"closed","ping_status":"closed","template":"","meta":{"_et_pb_use_builder":"on","_et_pb_old_content":"","_et_gb_content_width":"","footnotes":""},"class_list":["post-3941","page","type-page","status-publish","hentry"],"yoast_head":"<!-- This site is optimized with the Yoast SEO plugin v27.4 - https:\/\/yoast.com\/product\/yoast-seo-wordpress\/ -->\n<title>Innovaci\u00f3n educativa - Colegio<\/title>\n<meta name=\"robots\" content=\"index, follow, max-snippet:-1, max-image-preview:large, max-video-preview:-1\" \/>\n<link rel=\"canonical\" href=\"https:\/\/linares.salesianos.edu\/colegio\/oferta-educativa\/innovacion-educativa\/\" \/>\n<meta property=\"og:locale\" content=\"es_ES\" \/>\n<meta property=\"og:type\" content=\"article\" \/>\n<meta property=\"og:title\" content=\"Innovaci\u00f3n educativa - Colegio\" \/>\n<meta property=\"og:description\" content=\"El siglo XXI ha abierto a la humanidad un diverso escenario de retos. Muchos de estos han sobrevenido en los \u00faltimos a\u00f1os producto de los avances que est\u00e1n teniendo lugar en una sociedad con profundos cambios en el plano de lo social, lo tecnol\u00f3gico, las comunicaciones\u2026 Buena cuenta de ello es el creciente fen\u00f3meno de [&hellip;]\" \/>\n<meta property=\"og:url\" content=\"https:\/\/linares.salesianos.edu\/colegio\/oferta-educativa\/innovacion-educativa\/\" \/>\n<meta property=\"og:site_name\" content=\"Colegio\" \/>\n<meta property=\"article:modified_time\" content=\"2025-01-29T19:39:13+00:00\" \/>\n<meta property=\"og:image\" content=\"https:\/\/linares.salesianos.edu\/colegio\/wp-content\/uploads\/sites\/16\/2017\/12\/innovacion3.png\" \/>\n<meta name=\"twitter:card\" content=\"summary_large_image\" \/>\n<meta name=\"twitter:label1\" content=\"Tiempo de lectura\" \/>\n\t<meta name=\"twitter:data1\" content=\"5 minutos\" \/>\n<script type=\"application\/ld+json\" class=\"yoast-schema-graph\">{\"@context\":\"https:\\\/\\\/schema.org\",\"@graph\":[{\"@type\":\"WebPage\",\"@id\":\"https:\\\/\\\/linares.salesianos.edu\\\/colegio\\\/oferta-educativa\\\/innovacion-educativa\\\/\",\"url\":\"https:\\\/\\\/linares.salesianos.edu\\\/colegio\\\/oferta-educativa\\\/innovacion-educativa\\\/\",\"name\":\"Innovaci\u00f3n educativa - Colegio\",\"isPartOf\":{\"@id\":\"https:\\\/\\\/linares.salesianos.edu\\\/colegio\\\/#website\"},\"primaryImageOfPage\":{\"@id\":\"https:\\\/\\\/linares.salesianos.edu\\\/colegio\\\/oferta-educativa\\\/innovacion-educativa\\\/#primaryimage\"},\"image\":{\"@id\":\"https:\\\/\\\/linares.salesianos.edu\\\/colegio\\\/oferta-educativa\\\/innovacion-educativa\\\/#primaryimage\"},\"thumbnailUrl\":\"https:\\\/\\\/linares.salesianos.edu\\\/colegio\\\/wp-content\\\/uploads\\\/sites\\\/16\\\/2017\\\/12\\\/innovacion3.png\",\"datePublished\":\"2017-10-29T09:05:25+00:00\",\"dateModified\":\"2025-01-29T19:39:13+00:00\",\"breadcrumb\":{\"@id\":\"https:\\\/\\\/linares.salesianos.edu\\\/colegio\\\/oferta-educativa\\\/innovacion-educativa\\\/#breadcrumb\"},\"inLanguage\":\"es\",\"potentialAction\":[{\"@type\":\"ReadAction\",\"target\":[\"https:\\\/\\\/linares.salesianos.edu\\\/colegio\\\/oferta-educativa\\\/innovacion-educativa\\\/\"]}]},{\"@type\":\"ImageObject\",\"inLanguage\":\"es\",\"@id\":\"https:\\\/\\\/linares.salesianos.edu\\\/colegio\\\/oferta-educativa\\\/innovacion-educativa\\\/#primaryimage\",\"url\":\"https:\\\/\\\/linares.salesianos.edu\\\/colegio\\\/wp-content\\\/uploads\\\/sites\\\/16\\\/2017\\\/12\\\/innovacion3.png\",\"contentUrl\":\"https:\\\/\\\/linares.salesianos.edu\\\/colegio\\\/wp-content\\\/uploads\\\/sites\\\/16\\\/2017\\\/12\\\/innovacion3.png\",\"width\":256,\"height\":256},{\"@type\":\"BreadcrumbList\",\"@id\":\"https:\\\/\\\/linares.salesianos.edu\\\/colegio\\\/oferta-educativa\\\/innovacion-educativa\\\/#breadcrumb\",\"itemListElement\":[{\"@type\":\"ListItem\",\"position\":1,\"name\":\"Portada\",\"item\":\"https:\\\/\\\/linares.salesianos.edu\\\/colegio\\\/\"},{\"@type\":\"ListItem\",\"position\":2,\"name\":\"Oferta educativa\",\"item\":\"https:\\\/\\\/linares.salesianos.edu\\\/colegio\\\/oferta-educativa\\\/\"},{\"@type\":\"ListItem\",\"position\":3,\"name\":\"Innovaci\u00f3n educativa\"}]},{\"@type\":\"WebSite\",\"@id\":\"https:\\\/\\\/linares.salesianos.edu\\\/colegio\\\/#website\",\"url\":\"https:\\\/\\\/linares.salesianos.edu\\\/colegio\\\/\",\"name\":\"Colegio\",\"description\":\"P\u00e1gina oficial Salesianos Linares\",\"potentialAction\":[{\"@type\":\"SearchAction\",\"target\":{\"@type\":\"EntryPoint\",\"urlTemplate\":\"https:\\\/\\\/linares.salesianos.edu\\\/colegio\\\/?s={search_term_string}\"},\"query-input\":{\"@type\":\"PropertyValueSpecification\",\"valueRequired\":true,\"valueName\":\"search_term_string\"}}],\"inLanguage\":\"es\"}]}<\/script>\n<!-- \/ Yoast SEO plugin. -->","yoast_head_json":{"title":"Innovaci\u00f3n educativa - Colegio","robots":{"index":"index","follow":"follow","max-snippet":"max-snippet:-1","max-image-preview":"max-image-preview:large","max-video-preview":"max-video-preview:-1"},"canonical":"https:\/\/linares.salesianos.edu\/colegio\/oferta-educativa\/innovacion-educativa\/","og_locale":"es_ES","og_type":"article","og_title":"Innovaci\u00f3n educativa - Colegio","og_description":"El siglo XXI ha abierto a la humanidad un diverso escenario de retos. Muchos de estos han sobrevenido en los \u00faltimos a\u00f1os producto de los avances que est\u00e1n teniendo lugar en una sociedad con profundos cambios en el plano de lo social, lo tecnol\u00f3gico, las comunicaciones\u2026 Buena cuenta de ello es el creciente fen\u00f3meno de [&hellip;]","og_url":"https:\/\/linares.salesianos.edu\/colegio\/oferta-educativa\/innovacion-educativa\/","og_site_name":"Colegio","article_modified_time":"2025-01-29T19:39:13+00:00","og_image":[{"url":"https:\/\/linares.salesianos.edu\/colegio\/wp-content\/uploads\/sites\/16\/2017\/12\/innovacion3.png","type":"","width":"","height":""}],"twitter_card":"summary_large_image","twitter_misc":{"Tiempo de lectura":"5 minutos"},"schema":{"@context":"https:\/\/schema.org","@graph":[{"@type":"WebPage","@id":"https:\/\/linares.salesianos.edu\/colegio\/oferta-educativa\/innovacion-educativa\/","url":"https:\/\/linares.salesianos.edu\/colegio\/oferta-educativa\/innovacion-educativa\/","name":"Innovaci\u00f3n educativa - Colegio","isPartOf":{"@id":"https:\/\/linares.salesianos.edu\/colegio\/#website"},"primaryImageOfPage":{"@id":"https:\/\/linares.salesianos.edu\/colegio\/oferta-educativa\/innovacion-educativa\/#primaryimage"},"image":{"@id":"https:\/\/linares.salesianos.edu\/colegio\/oferta-educativa\/innovacion-educativa\/#primaryimage"},"thumbnailUrl":"https:\/\/linares.salesianos.edu\/colegio\/wp-content\/uploads\/sites\/16\/2017\/12\/innovacion3.png","datePublished":"2017-10-29T09:05:25+00:00","dateModified":"2025-01-29T19:39:13+00:00","breadcrumb":{"@id":"https:\/\/linares.salesianos.edu\/colegio\/oferta-educativa\/innovacion-educativa\/#breadcrumb"},"inLanguage":"es","potentialAction":[{"@type":"ReadAction","target":["https:\/\/linares.salesianos.edu\/colegio\/oferta-educativa\/innovacion-educativa\/"]}]},{"@type":"ImageObject","inLanguage":"es","@id":"https:\/\/linares.salesianos.edu\/colegio\/oferta-educativa\/innovacion-educativa\/#primaryimage","url":"https:\/\/linares.salesianos.edu\/colegio\/wp-content\/uploads\/sites\/16\/2017\/12\/innovacion3.png","contentUrl":"https:\/\/linares.salesianos.edu\/colegio\/wp-content\/uploads\/sites\/16\/2017\/12\/innovacion3.png","width":256,"height":256},{"@type":"BreadcrumbList","@id":"https:\/\/linares.salesianos.edu\/colegio\/oferta-educativa\/innovacion-educativa\/#breadcrumb","itemListElement":[{"@type":"ListItem","position":1,"name":"Portada","item":"https:\/\/linares.salesianos.edu\/colegio\/"},{"@type":"ListItem","position":2,"name":"Oferta educativa","item":"https:\/\/linares.salesianos.edu\/colegio\/oferta-educativa\/"},{"@type":"ListItem","position":3,"name":"Innovaci\u00f3n educativa"}]},{"@type":"WebSite","@id":"https:\/\/linares.salesianos.edu\/colegio\/#website","url":"https:\/\/linares.salesianos.edu\/colegio\/","name":"Colegio","description":"P\u00e1gina oficial Salesianos Linares","potentialAction":[{"@type":"SearchAction","target":{"@type":"EntryPoint","urlTemplate":"https:\/\/linares.salesianos.edu\/colegio\/?s={search_term_string}"},"query-input":{"@type":"PropertyValueSpecification","valueRequired":true,"valueName":"search_term_string"}}],"inLanguage":"es"}]}},"_links":{"self":[{"href":"https:\/\/linares.salesianos.edu\/colegio\/wp-json\/wp\/v2\/pages\/3941","targetHints":{"allow":["GET"]}}],"collection":[{"href":"https:\/\/linares.salesianos.edu\/colegio\/wp-json\/wp\/v2\/pages"}],"about":[{"href":"https:\/\/linares.salesianos.edu\/colegio\/wp-json\/wp\/v2\/types\/page"}],"author":[{"embeddable":true,"href":"https:\/\/linares.salesianos.edu\/colegio\/wp-json\/wp\/v2\/users\/3"}],"replies":[{"embeddable":true,"href":"https:\/\/linares.salesianos.edu\/colegio\/wp-json\/wp\/v2\/comments?post=3941"}],"version-history":[{"count":9,"href":"https:\/\/linares.salesianos.edu\/colegio\/wp-json\/wp\/v2\/pages\/3941\/revisions"}],"predecessor-version":[{"id":6140,"href":"https:\/\/linares.salesianos.edu\/colegio\/wp-json\/wp\/v2\/pages\/3941\/revisions\/6140"}],"up":[{"embeddable":true,"href":"https:\/\/linares.salesianos.edu\/colegio\/wp-json\/wp\/v2\/pages\/3818"}],"wp:attachment":[{"href":"https:\/\/linares.salesianos.edu\/colegio\/wp-json\/wp\/v2\/media?parent=3941"}],"curies":[{"name":"wp","href":"https:\/\/api.w.org\/{rel}","templated":true}]}}